{"id":2,"date":"2016-05-10T03:48:21","date_gmt":"2016-05-10T03:48:21","guid":{"rendered":"http:\/\/gewerbeverein-friesenheim.de\/?page_id=2"},"modified":"2026-02-27T14:23:28","modified_gmt":"2026-02-27T14:23:28","slug":"sample-page","status":"publish","type":"page","link":"https:\/\/gewerbeverein-friesenheim.de\/?page_id=2","title":{"rendered":"\u00dcber uns"},"content":{"rendered":"<h2><strong>Wer sind wir?<\/strong><\/h2>\n<p>Der <strong><a href=\"https:\/\/gewerbeverein-friesenheim.de\/wp-content\/uploads\/2017\/11\/satzung.pdf\" target=\"_blank\" rel=\"noopener noreferrer\">Gewerbeverein Friesenheim e.V.<\/a> \u2013 Immer an ihrer Seite<\/strong>, ist die aktive Vertretung der Friesenheimer Gewerbetreibende seit 1978, zu dem Unternehmen aus Handel, Handwerk, Dienstleistung, Industrie und der freien Berufe geh\u00f6ren.<\/p>\n<p>Der <a href=\"https:\/\/gewerbeverein-friesenheim.de\/wp-content\/uploads\/2017\/11\/satzung.pdf\" target=\"_blank\" rel=\"noopener noreferrer\"><strong>Gewerbeverein Friesenheim e.V.<\/strong> <\/a>hat sich zum Ziel gesetzt ein <strong>Netzwerk<\/strong> zu schaffen, an dem sich alle Unternehmen aus Friesenheim, unabh\u00e4ngig von Branche, Unternehmensgr\u00f6\u00dfe und Gesch\u00e4ftsfeld, beteiligen k\u00f6nnen. Dieses <strong>Netzwerk<\/strong> soll dazu dienen den Wirtschaftsstandort Ludwigshafen-Friesenheim zu st\u00e4rken, attraktiv mitzugestalten und transparent aufzuzeigen, welcher gro\u00dfe Umfang an Handel, Handwerk und Dienstleistungen in Friesenheim vorhanden ist.<\/p>\n<h2>Was machen Wir?<\/h2>\n<p>Das <strong>Vereins-Netzwerk<\/strong> soll die Position der beteiligten Unternehmen st\u00e4rken. Durch die Unternehmensvorstellung in<strong> \u201eFriesenheim Aktuell\u201c<\/strong> und ein <strong>Networking<\/strong> des Gewerbeverein Friesenheim e.V.\u00a0 wird eine deutlich verbesserte Koordination f\u00fcr L\u00f6sungen zwischen den einzelnen Unternehmen m\u00f6glich sein und dies schafft kurze Wege zwischen den Friesenheimer Unternehmen.<\/p>\n<p>Der<strong><a href=\"https:\/\/gewerbeverein-friesenheim.de\/wp-content\/uploads\/2017\/11\/satzung.pdf\" target=\"_blank\" rel=\"noopener noreferrer\"> Gewerbeverein Friesenheim e.V.<\/a>\u00a0 \u2013 Immer an ihrer Seite<\/strong> will den beteiligten Unternehmen die Chance geben, gemeinsam mit anderen Unternehmern aus Friesenheim zu werben, <strong>Kooperationen zwischen Unternehmen einzugehen<\/strong> und somit aus vielen Einzelinteressen eine gro\u00dfe Interessengemeinschaft zu erzeugen.<\/p>\n<p>Wir sehen uns weiterhin als Bindeglied den Beh\u00f6rden, den Verb\u00e4nden und anderen Institutionen.<\/p>\n<h2>Warum dabei sein?<\/h2>\n<p>Bei verschiedenen \u00f6rtlichen Veranstaltungen in den letzten Jahren, wie z.B. der Weihnachtstreff auf dem Otto-Buckel-Platz, die legend\u00e4re Kn\u00f6chelparty,\u00a0 das <a href=\"http:\/\/www.ludwigshafener-sixdays-night.de\/\" target=\"_blank\" rel=\"noopener noreferrer\">Radrennen Ludwigshafener Sixdays Night<\/a>, das Sternstrassenfest wurde immer wieder auf das \u00f6rtliche Angebot aufmerksam gemacht und zum gemeinsamen Erfahrungsaustausch genutzt.<\/p>\n<p>Im Rahmen unserer M\u00f6glichkeiten unterst\u00fctzten wir immer wieder lokale gemeinn\u00fctzige Projekte.<br \/>\nWie z. B. verschiedene <a href=\"http:\/\/www.ludwigshafen.de\/lebenswert\/bildung\/kindertagesstaetten\/nord-hemshof-friesenheim-west\/\" target=\"_blank\" rel=\"noopener noreferrer\">Kinderg\u00e4rten in Friesenheim<\/a>, <a href=\"https:\/\/www.youtube.com\/watch?v=DUQu1T-zoX4\" target=\"_blank\" rel=\"noopener noreferrer\">Seniorenparcour im Ebertpark<\/a> und die <a href=\"http:\/\/familienbildung-ludwigshafen.de\/\" target=\"_blank\" rel=\"noopener noreferrer\">Familienbildungsst\u00e4tte im Heinrich-Pesch-Haus<\/a> &#8230;<\/p>\n<p>Die starke Gemeinschaft gibt auch den Friesenheimer B\u00fcrger zahlreiche Vorteile.<\/p>\n<p>Sie bekommen die M\u00f6glichkeit, die Unternehmen und die Unternehmer auf einfachem Wege kennenzulernen und sich von der Leistungsf\u00e4higkeit der vertretenen Unternehmen ein schnelles Bild machen. Die St\u00e4rkung des Wirtschaftsstandortes Friesenheim bringt den B\u00fcrgerinnen und B\u00fcrgern nicht nur eine vollst\u00e4ndige Nahversorgung an Waren und Dienstleistung, sondern schafft nicht zuletzt auch Arbeitspl\u00e4tze vor Ort.<\/p>\n<p>Denn nicht zuletzt ist es eine funktionierende gewerbliche Infrastruktur, die den Grundstein dazu legt, dass Menschen in Friesenheim leben und arbeiten m\u00f6chten.<\/p>\n<h2><strong>Werden Sie <a href=\"https:\/\/gewerbeverein-friesenheim.de\/wp-content\/uploads\/2017\/11\/beitrittserklaerung2013.pdf\" target=\"_blank\" rel=\"noopener noreferrer\">Mitglied<\/a> in unserem Netzwerk.<\/strong><\/h2>\n<h2><strong> Wir sind immer an ihrer Seite!<\/strong><\/h2>\n<p>Die Satzung unseres Vereins erhalten Sie<a href=\"https:\/\/gewerbeverein-friesenheim.de\/wp-content\/uploads\/2017\/11\/satzung.pdf\"> hier.<\/a><\/p>\n<p><a href=\"https:\/\/gewerbeverein-friesenheim.de\/wp-content\/uploads\/2017\/11\/beitrittserklaerung2013.pdf\" target=\"_blank\" rel=\"noopener noreferrer\">Sie wollen Mitglied werden? Hier finden Sie die Beitrittserkl\u00e4rung.<\/a><\/p>\n<p>Der Beitrag soll per Lastschrift eingezogen werden? <a href=\"https:\/\/gewerbeverein-friesenheim.de\/wp-content\/uploads\/2017\/11\/gv-sepa-lastschriftmandat.pdf\" target=\"_blank\" rel=\"noopener noreferrer\">Hier finden Sie das SEPA-Lastschriftmandat.<\/a><\/p>\n<h4>Sie haben noch Fragen oder m\u00f6chten uns etwas mitteilen? Bitte nutzen Sie unser Kontaktformular.<\/h4>\n\n<div class=\"wpcf7 no-js\" id=\"wpcf7-f149-o1\" lang=\"de-DE\" dir=\"ltr\" data-wpcf7-id=\"149\">\n<div class=\"screen-reader-response\"><p role=\"status\" aria-live=\"polite\" aria-atomic=\"true\"><\/p> <ul><\/ul><\/div>\n<form action=\"\/index.php?rest_route=%2Fwp%2Fv2%2Fpages%2F2#wpcf7-f149-o1\" method=\"post\" class=\"wpcf7-form init\" aria-label=\"Kontaktformular\" novalidate=\"novalidate\" data-status=\"init\">\n<fieldset class=\"hidden-fields-container\"><input type=\"hidden\" name=\"_wpcf7\" value=\"149\" \/><input type=\"hidden\" name=\"_wpcf7_version\" value=\"6.1.5\" \/><input type=\"hidden\" name=\"_wpcf7_locale\" value=\"de_DE\" \/><input type=\"hidden\" name=\"_wpcf7_unit_tag\" value=\"wpcf7-f149-o1\" \/><input type=\"hidden\" name=\"_wpcf7_container_post\" value=\"0\" \/><input type=\"hidden\" name=\"_wpcf7_posted_data_hash\" value=\"\" \/>\n<\/fieldset>\n<p><label> Ihr Vor- und Nachname (Pflichtfeld)<br \/>\n<span class=\"wpcf7-form-control-wrap\" data-name=\"your-name\"><input size=\"40\" maxlength=\"400\" class=\"wpcf7-form-control wpcf7-text wpcf7-validates-as-required\" aria-required=\"true\" aria-invalid=\"false\" value=\"\" type=\"text\" name=\"your-name\" \/><\/span> <\/label>\n<\/p>\n<p><label> Ihre E-Mail-Adresse (Pflichtfeld)<br \/>\n<span class=\"wpcf7-form-control-wrap\" data-name=\"your-email\"><input size=\"40\" maxlength=\"400\" class=\"wpcf7-form-control wpcf7-email wpcf7-validates-as-required wpcf7-text wpcf7-validates-as-email\" aria-required=\"true\" aria-invalid=\"false\" value=\"\" type=\"email\" name=\"your-email\" \/><\/span> <\/label>\n<\/p>\n<p><label> Betreff<br \/>\n<span class=\"wpcf7-form-control-wrap\" data-name=\"your-subject\"><input size=\"40\" maxlength=\"400\" class=\"wpcf7-form-control wpcf7-text\" aria-invalid=\"false\" value=\"\" type=\"text\" name=\"your-subject\" \/><\/span> <\/label>\n<\/p>\n<p><label> Ihre Nachricht<br \/>\n<span class=\"wpcf7-form-control-wrap\" data-name=\"your-message\"><textarea cols=\"40\" rows=\"10\" maxlength=\"2000\" class=\"wpcf7-form-control wpcf7-textarea\" aria-invalid=\"false\" name=\"your-message\"><\/textarea><\/span> <\/label>\n<\/p>\n<p><span class=\"wpcf7-form-control-wrap\" data-name=\"your-consent\"><span class=\"wpcf7-form-control wpcf7-acceptance\"><span class=\"wpcf7-list-item\"><label><input type=\"checkbox\" name=\"your-consent\" value=\"1\" aria-invalid=\"false\" \/><span class=\"wpcf7-list-item-label\">Ich bin einverstanden, dass meine Daten auf dem Kontaktformurlar inklusive der von mir dort angegebenen Kontaktdaten zwecks Bearbeitung der Anfrage und f\u00fcr den Fall von Anschlussfragen beim Gewerbeverein Friesenheim gespeichert werden.<\/span><\/label><\/span><\/span><\/span>\n<\/p>\n<p>Sicherheitsabfrage<br \/>\n<span class=\"wpcf7-form-control-wrap\" data-name=\"math-quiz\"><label><span class=\"wpcf7-quiz-label\">1+4=?<\/span> <input size=\"40\" class=\"wpcf7-form-control wpcf7-quiz\" autocomplete=\"off\" aria-required=\"true\" aria-invalid=\"false\" type=\"text\" name=\"math-quiz\" \/><\/label><input type=\"hidden\" name=\"_wpcf7_quiz_answer_math-quiz\" value=\"d5f3e6841b3125c9896c96ff411914b6\" \/><\/span>\n<\/p>\n<p><input class=\"wpcf7-form-control wpcf7-submit has-spinner\" type=\"submit\" value=\"Senden\" \/>\n<\/p><div class=\"wpcf7-response-output\" aria-hidden=\"true\"><\/div>\n<\/form>\n<\/div>\n\n","protected":false},"excerpt":{"rendered":"<p>Wer sind wir? Der Gewerbeverein Friesenheim e.V. \u2013 Immer an ihrer Seite, ist die aktive Vertretung der Friesenheimer Gewerbetreibende seit 1978, zu dem Unternehmen aus Handel, Handwerk, Dienstleistung, Industrie und &#8230;<\/p>\n","protected":false},"author":1,"featured_media":0,"parent":0,"menu_order":0,"comment_status":"closed","ping_status":"closed","template":"","meta":{"footnotes":""},"class_list":["post-2","page","type-page","status-publish","hentry"],"_links":{"self":[{"href":"https:\/\/gewerbeverein-friesenheim.de\/index.php?rest_route=\/wp\/v2\/pages\/2","targetHints":{"allow":["GET"]}}],"collection":[{"href":"https:\/\/gewerbeverein-friesenheim.de\/index.php?rest_route=\/wp\/v2\/pages"}],"about":[{"href":"https:\/\/gewerbeverein-friesenheim.de\/index.php?rest_route=\/wp\/v2\/types\/page"}],"author":[{"embeddable":true,"href":"https:\/\/gewerbeverein-friesenheim.de\/index.php?rest_route=\/wp\/v2\/users\/1"}],"replies":[{"embeddable":true,"href":"https:\/\/gewerbeverein-friesenheim.de\/index.php?rest_route=%2Fwp%2Fv2%2Fcomments&post=2"}],"version-history":[{"count":45,"href":"https:\/\/gewerbeverein-friesenheim.de\/index.php?rest_route=\/wp\/v2\/pages\/2\/revisions"}],"predecessor-version":[{"id":793,"href":"https:\/\/gewerbeverein-friesenheim.de\/index.php?rest_route=\/wp\/v2\/pages\/2\/revisions\/793"}],"wp:attachment":[{"href":"https:\/\/gewerbeverein-friesenheim.de\/index.php?rest_route=%2Fwp%2Fv2%2Fmedia&parent=2"}],"curies":[{"name":"wp","href":"https:\/\/api.w.org\/{rel}","templated":true}]}}